
True
Is 69757763 a composite number?
False
Is 741932573 a prime number?
True
Is 89564179 composite?
False
Is 19108148981 composite?
True
Is 7547849273 composite?
False
Is 1544227501 a prime number?
False
Is 1069935719 composite?
False
Is 4946909855 composite?
True
Is 3961810741 a composite number?
True
Is 1759539347 a composite number?
False
Is 40189609441 a composite number?
True
Is 7674907763 prime?
False
Is 5551354439 prime?
True
Is 12119378127 a composite number?
True
Is 1258804579 a composite number?
False
Is 12022624157 prime?
True
Is 216042037 composite?
True
Is 2266241381 a composite number?
False
Is 11027816939 a composite number?
False
Is 2622803291 composite?
False
Is 1271067749 a composite number?
True
Is 57715199 a prime number?
False
Is 5389563689 prime?
True
Is 388009907 a prime number?
True
Is 12450141623 a prime number?
True
Is 21979838501 prime?
True
Is 89701095047 a prime number?
False
Is 2576461547 a composite number?
True
Is 6137629721 a composite number?
False
Is 541791067 composite?
False
Is 22578419411 composite?
False
Is 4594838861 a prime number?
False
Is 2960778049 prime?
False
Is 548718818 a prime number?
False
Is 107237088142 prime?
False
Is 7056920621 a prime number?
False
Is 24075116609 composite?
True
Is 6099835103 a prime number?
True
Is 10594992351 a composite number?
True
Is 4213235897 prime?
False
Is 5137537637 composite?
False
Is 7414844479 a prime number?
False
Is 2956631 prime?
True
Is 313609819 a composite number?
False
Is 125929697 composite?
True
Is 7259639423 a prime number?
True
Is 16591228531 a composite number?
True
Is 879475963 a prime number?
True
Is 123253913 a composite number?
True
Is 6600402701 a composite number?
False
Is 6134749 a prime number?
True
Is 2940059123 composite?
False
Is 1314366007 a composite number?
False
Is 10413764161 composite?
True
Is 14117880851 composite?
False
Is 56104081259 prime?
True
Is 24892962617 a prime number?
True
Is 20043616601 composite?
False
Is 23150970397 prime?
False
Is 1261448947 composite?
True
Is 11582623537 a prime number?
True
Is 6382876271 a prime number?
False
Is 5902517111 a prime number?
True
Is 36950558467 a composite number?
False
Is 21120749219 prime?
False
Is 328414319 a prime number?
True
Is 185731855 a prime number?
False
Is 16353150253 a composite number?
True
Is 51488179313 a composite number?
False
Is 350167826903 a composite number?
False
Is 1416922021 a prime number?
False
Is 2076190829 a prime number?
True
Is 10005336911 prime?
True
Is 22261023613 composite?
False
Is 1157435671 a composite number?
True
Is 7414674587 a composite number?
False
Is 205236133 composite?
False
Is 29706826049 prime?
False
Is 70741080793 a prime number?
True
Is 3894572053 a prime number?
False
Is 2036415709 prime?
True
Is 7093528697 prime?
True
Is 17041163179 composite?
False
Is 36989763647 composite?
False
Is 24321973951 prime?
False
Is 191342729 a prime number?
True
Is 14179976141 prime?
False
Is 1153057109 prime?
False
Is 11724882943 a composite number?
True
Is 4999315651 a prime number?
False
Is 333865591 a prime number?
False
Is 78810463867 a prime number?
True
Is 251978653 composite?
True
Is 11008507723 a composite number?
False
Is 3599241161 prime?
False
Is 292526457127 prime?
True
Is 2527496177 a composite number?
False
Is 1160213651 composite?
False
Is 3529636307 a composite number?
True
Is 979766071 a composite number?
False
Is 113779031 composite?
True
Is 31266021619 composite?
True
Is 342692121 prime?
False
Is 162952745 a prime number?
False
Is 5594758109 a composite number?
False
Is 155091427 a composite number?
True
Is 499138693 a composite number?
False
Is 7661213533 a composite number?
True
Is 27962245 composite?
True
Is 33143334571 composite?
False
Is 28673026399 a prime number?
False
Is 58398318665 a composite number?
True
Is 1652711309 a prime number?
True
Is 13326068909 prime?
True
Is 22203453491 prime?
True
Is 53436754057 composite?
False
Is 21197309781 composite?
True
Is 19181110899 prime?
False
Is 50120767555 a composite number?
True
Is 366425449 a prime number?
False
Is 220332268721 a composite number?
False
Is 403416697373 a composite number?
False
Is 2424121759 composite?
True
Is 33306501617 prime?
True
Is 1904397541 a prime number?
False
Is 16808080477 a composite number?
True
Is 906080789 a composite number?
True
Is 10300456853 a prime number?
True
Is 5963738903 a prime number?
True
Is 14845905727 composite?
False
Is 11193371179 prime?
True
Is 327250523 composite?
False
Is 9774915307 a composite number?
False
Is 221926583 composite?
True
Is 6883153847 a prime number?
True
Is 1743747127 a composite number?
True
Is 4280910119 a prime number?
True
Is 1213379213 a composite number?
True
Is 9857207233 composite?
False
Is 33737221893 a prime number?
False
Is 14333621529 a prime number?
False
Is 252866017 composite?
True
Is 34064336057 composite?
False
Is 22201663969 prime?
False
Is 262687561 a prime number?
False
Is 2517978011 a composite number?
True
Is 1470698737 prime?
True
Is 9251522381 a prime number?
True
Is 236227819 prime?
True
Is 279631619 a composite number?
False
Is 11695572697 composite?
False
Is 1579348031 a composite number?
False
Is 8823311989 composite?
False
Is 25117772417 a composite number?
False
Is 10352864111 composite?
True
Is 3887004509 composite?
False
Is 18918584299 a composite number?
True
Is 2142958501 a composite number?
False
Is 16119087151 a prime number?
True
Is 2076950363 composite?
True
Is 2051842871 prime?
False
Is 73761085901 a prime number?
False
Is 188674393 prime?
False
Is 75865204685 composite?
True
Is 5119184281 prime?
True
Is 78739640101 composite?
False
Is 5475332009 prime?
False
Is 825206411 a composite number?
True
Is 7477416761 composite?
False
Is 30421833449 a composite number?
True
Is 72640314733 a composite number?
True
Is 4137004189 prime?
False
Is 905243569 prime?
True
Is 165375814297 a prime number?
False
Is 166157027 a prime number?
True
Is 5448488977 prime?
False
Is 1974294229 prime?
False
Is 1332847895 prime?
False
Is 314746931 prime?
True
Is 30603841666 a composite number?
True
Is 9161598143 a prime number?
False
Is 1887612583 prime?
True
Is 23254837807 a composite number?
False
Is 6248470685 prime?
False
Is 1459607027 a composite number?
False
Is 25304676589 a prime number?
True
Is 24185477 prime?
True
Is 628008673 prime?
False
Is 4147291961 composite?
True
Is 901697219 a composite number?
True
Is 3900812953 a composite number?
False
Is 14272669553 composite?
True
Is 37024851313 a prime number?
False
Is 60957164981 composite?
True
Is 1526999867 composite?
True
Is 5088097979 prime?
True
Is 33019036307 a composite number?
False
Is 142574221 a prime number?
True
Is 12181986491 composite?
False
Is 85484197979 prime?
True
Is 2553900857 prime?
True
Is 146701869263 prime?
False
Is 6058359471 composite?
True
Is 871361989 prime?
True
Is 32788731103 a prime number?
True
Is 972350419 a composite number?
True
Is 3339630191 composite?
False
Is 39804378337 a prime number?
False
Is 230622971 a prime number?
True
Is 2105708119 prime?
False
Is 13701591833 a composite number?
False
Is 40391770393 a prime number?
False
Is 2754322097 a prime number?
True
Is 3050602013 composite?
True
Is 489579301 prime?
False
Is 431600339 prime?
True
Is 13390657349 prime?
False
Is 165086605759 prime?
True
Is 51826901671 a prime number?
False
Is 6343168313 prime?
False
Is 7850291753 prime?
False
Is 7546645979 a prime number?
True
Is 49617901339 prime?
True
Is 1173198769 a composite number?
False
Is 3044978729 prime?
False
Is 38563621093 prime?
True
Is 14036019243 prime?
False
Is 304655371 a prime number?
True
Is 1449140657 prime?
True
Is 54736000063 a prime number?
False
Is 1597938533 a prime number?
True
Is 132263569 composite?
True
Is 6161010197 composite?
True
Is 2689043627 a composite number?
False
Is 3419014037 a composite number?
True
Is 43887347953 a composite number?
False
Is 20295108227 composite?
False
Is 484339547 a composite number?
False
Is 7283510023 a prime number?
True
Is 19657764569 prime?
True
Is 820772627 composite?
False
Is 2269915537 a prime number?
False
Is 5542969 prime?
False
Is 67496279 composite?
False
Is 199722239 a composite number?
True
Is 42643134869 a composite number?
False
Is 961701